tors of 6353.
6353
List the prime factors of 1540.
2, 5, 7, 11
What are the prime factors of 10425?
3, 5, 139
What are the prime factors of 9293?
9293
List the prime factors of 449.
449
List the prime factors of 36307.
36307
List the prime factors of 1337.
7, 191
List the prime factors of 10097.
23, 439
List the prime factors of 22499.
149, 151
List the prime factors of 27369.
3, 3041
What are the prime factors of 128907?
3, 14323
List the prime factors of 32034.
2, 3, 19, 281
List the prime factors of 4411.
11, 401
List the prime factors of 49031.
49031
What are the prime factors of 2508?
2, 3, 11, 19
What are the prime factors of 41682?
2, 3, 6947
What are the prime factors of 723?
3, 241
What are the prime factors of 8620?
2, 5, 431
What are the prime factors of 36560?
2, 5, 457
What are the prime factors of 5786?
2, 11, 263
List the prime factors of 2817.
3, 313
What are the prime factors of 6765?
3, 5, 11, 41
What are the prime factors of 3184?
2, 199
List the prime factors of 3326.
2, 1663
What are the prime factors of 5963?
67, 89
List the prime factors of 6582.
2, 3, 1097
List the prime factors of 989.
23, 43
What are the prime factors of 3764?
2, 941
What are the prime factors of 10372?
2, 2593
List the prime factors of 2.
2
What are the prime factors of 22578?
2, 3, 53, 71
List the prime factors of 156906.
2, 3, 23, 379
List the prime factors of 45987.
3, 15329
What are the prime factors of 143?
11, 13
What are the prime factors of 31191?
3, 37, 281
List the prime factors of 18992.
2, 1187
List the prime factors of 84358.
2, 42179
List the prime factors of 3861.
3, 11, 13
What are the prime factors of 264?
2, 3, 11
List the prime factors of 1598.
2, 17, 47
What are the prime factors of 559?
13, 43
List the prime factors of 1597.
1597
What are the prime factors of 5022?
2, 3, 31
List the prime factors of 1717.
17, 101
What are the prime factors of 1327?
1327
List the prime factors of 10791.
3, 11, 109
List the prime factors of 5025.
3, 5, 67
What are the prime factors of 137?
137
List the prime factors of 191.
191
List the prime factors of 104.
2, 13
List the prime factors of 84184.
2, 17, 619
What are the prime factors of 16192?
2, 11, 23
What are the prime factors of 7069?
7069
What are the prime factors of 1794?
2, 3, 13, 23
What are the prime factors of 11452?
2, 7, 409
What are the prime factors of 175969?
149, 1181
What are the prime factors of 1345?
5, 269
What are the prime factors of 61584?
2, 3, 1283
What are the prime factors of 362?
2, 181
List the prime factors of 872.
2, 109
What are the prime factors of 21201?
3, 37, 191
List the prime factors of 62.
2, 31
List the prime factors of 634.
2, 317
List the prime factors of 311.
311
List the prime factors of 20412.
2, 3, 7
List the prime factors of 630.
2, 3, 5, 7
What are the prime factors of 3803?
3803
List the prime factors of 2981.
11, 271
List the prime factors of 1485.
3, 5, 11
What are the prime factors of 10520?
2, 5, 263
List the prime factors of 20990.
2, 5, 2099
What are the prime factors of 13947?
3, 4649
What are the prime factors of 22584?
2, 3, 941
List the prime factors of 2060.
2, 5, 103
List the prime factors of 42704.
2, 17, 157
What are the prime factors of 2952?
2, 3, 41
List the prime factors of 6413.
11, 53
What are the prime factors of 1833?
3, 13, 47
List the prime factors of 2042.
2, 1021
What are the prime factors of 764?
2, 191
List the prime factors of 703.
19, 37
List the prime factors of 3211.
13, 19
What are the prime factors of 6493?
43, 151
What are the prime factors of 949?
13, 73
What are the prime factors of 11565?
3, 5, 257
List the prime factors of 5085.
3, 5, 113
List the prime factors of 2860.
2, 5, 11, 13
What are the prime factors of 18543?
3, 7, 883
List the prime factors of 20420.
2, 5, 1021
What are the prime factors of 78750?
2, 3, 5, 7
What are the prime factors of 12140?
2, 5, 607
List the prime factors of 1837.
11, 167
List the prime factors of 6596.
2, 17, 97
List the prime factors of 11662.
2, 7, 17
What are the prime factors of 126566?
2, 11, 523
What are the prime factors of 30604?
2, 7, 1093
What are the prime factors of 55677?
3, 67, 277
What are the prime factors of 25608?
2, 3, 11, 97
List the prime factors of 1161.
3, 43
List the prime factors of 1270.
2, 5, 127
List the prime factors of 8909.
59, 151
List the prime factors of 2980.
2, 5, 149
What are the prime factors of 334?
2, 167
What are the prime factors of 668?
2, 167
List the prime factors of 55192.
2, 6899
List the prime factors of 111182.
2, 23, 2417
List the prime factors of 20221.
73, 277
What are the prime factors of 22265?
5, 61, 73
List the prime factors of 5662.
2, 19, 149
List the prime factors of 1310.
2, 5, 131
List the prime factors of 19507.
19507
What are the prime factors of 1754?
2, 877
What are the prime factors of 1244?
2, 311
What are the prime factors of 1670?
2, 5, 167
What are the prime factors of 3251?
3251
What are the prime factors of 9041?
9041
List the prime factors of 26837.
47, 571
List the prime factors of 5.
5
List the prime factors of 2820.
2, 3, 5, 47
List the prime factors of 13686.
2, 3, 2281
List the prime factors of 6131.
6131
List the prime factors of 347.
347
List the prime factors of 1816.
2, 227
What are the prime factors of 947?
947
List the prime factors of 4652.
2, 1163
List the prime factors of 14956.
2, 3739
What are the prime factors of 68976?
2, 3, 479
What are the prime factors of 4417?
7, 631
What are the prime factors of 1306?
2, 653
List the prime factors of 40014.
2, 3, 13, 19
What are the prime factors of 1704?
2, 3, 71
What are the prime factors of 1655?
5, 331
List the prime factors of 117792.
2, 3, 409
List the prime factors of 25045.
5, 5009
What are the prime factors of 87895?
5, 17579
List the prime factors of 117474.
2, 3, 7, 2797
List the prime factors of 796.
2, 199
What are the prime factors of 1059?
3, 353
List the prime factors of 5346.
2, 3, 11
List the prime factors of 1910.
2, 5, 191
What are the prime factors of 36689?
19, 1931
What are the prime factors of 1736?
2, 7, 31
What are the prime factors of 8697?
3, 13, 223
List the prime factors of 58319.
29, 2011
List the prime factors of 31.
31
List the prime factors of 3708.
2, 3, 103
List the prime factors of 47258.
2, 23629
List the prime factors of 1975.
5, 79
What are the prime factors of 4263?
3, 7, 29
List the prime factors of 19899.
3, 11, 67
List the prime factors of 13595.
5, 2719
What are the prime factors of 5258?
2, 11, 239
What are the prime factors of 1403?
23, 61
List the prime factors of 8224.
2, 257
What are the prime factors of 628?
2, 157
What are the prime factors of 5005?
5, 7, 11, 13
What are the prime factors of 809?
809
List the prime factors of 47625.
3, 5, 127
List the prime factors of 440.
2, 5, 11
What are the prime factors of 10525?
5, 421
What are the prime factors of 2424?
2, 3, 101
List the prime factors of 4730.
2, 5, 11, 43
List the prime factors of 2941.
17, 173
List the prime factors of 53866.
2, 23, 1171
List the prime factors of 281.
281
List the prime factors of 603.
3, 67
List the prime factors of 6402.
2, 3, 11, 97
List the prime factors of 62072.
2, 7759
List the prime factors of 3751.
11, 31
What are the prime factors of 2223?
3, 13, 19
List the prime factors of 6545.
5, 7, 11, 17
What are the prime factors of 570?
2, 3, 5, 19
What are the prime factors of 265?
5, 53
What are the prime factors of 189487?
19, 9973
What are the prime factors of 654?
2, 3, 109
What are the prime factors of 41686?
2, 19, 1097
List the prime factors of 6160.
2, 5, 7, 11
What are the prime factors of 8487?
3, 23, 41
What are the prime factors of 30815?
5, 6163
List the prime factors of 98925.
3, 5, 1319
List the prime factors of 19816.
2, 2477
What are the prime factors of 41514?
2, 3, 11, 17, 37
List the prime factors of 46197.
3, 29, 59
List the prime factors of 2068.
2, 11, 47
What are the prime factors of 15948?
2, 3, 443
List the prime factors of 5305.
5, 1061
List the prime factors of 83774.
2, 41887
List the prime factors of 82971.
3, 7, 439
What are the prime factors of 31426?
2, 19, 827
What are the prime factors of 9227?
9227
List the prime factors of 20789.
20789
List the prime factors of 7198.
2, 59, 61
Li